1)/(9/t).
18
Let b be 0 + (3 - (-4 + 1)). Suppose -385 + 1519 = b*n. What is the remainder when n is divided by 12?
9
Let b(f) = -19*f + 1. Let a(d) = -4*d**2 - 249*d + 2643. What is the remainder when a(9) is divided by b(-1)?
18
Let d = -629 + 1133. Suppose 3*f - d = -3*f. Suppose 0 = 4*s + u - 77, 5*u + f = 2*s + 29. Calculate the remainder when 50 is divided by s.
10
Suppose 5*h + 11 = -14, -3*h = 3*n. Suppose 1129 = n*y - 4*o, 10*y - 5*y - 2*o = 1137. What is the remainder when y is divided by 4?
1
Let x(k) = -9*k**2 + 8*k + 4. Let z be x(5). Let u = z + 195. Calculate the remainder when 47 is divided by u.
5
Suppose 5*l + 734 = -6*l + 2879. Calculate the remainder when l is divided by 50.
45
Let o = -408 + 429. Suppose -5*f = 7 - 27. Suppose -2*a + n = -f*n - 42, o = a + 3*n. What is the remainder when 145 is divided by a?
19
Suppose 2*r + 3*q - 129 = 4*q, 2*q = -2. Suppose 5*z + 61 = 4*w, -4*w + r = z + 9. Calculate the remainder when 17 is divided by w.
3
Suppose 2330*l - 193914 = -64*l. Suppose -2588 = -x - x. What is the remainder when x is divided by l?
79
Suppose 1 + 7 = 4*q. Let h be (q/(-8)*-4)/((-2)/(-4)). Calculate the remainder when 15 is divided by 22/2 + h + -3.
5
Suppose -8*i + 3*i + 157 = -w, 4*i = 5*w + 113. Calculate the remainder when 191 is divided by i.
31
Let m be ((-110)/20)/(1/(-12)). Suppose -15 = -3*c + 6. What is the remainder when (10/(-6))/((-2)/m) is divided by c?
6
Suppose 0 = 7*o - 10*o + 57. What is the remainder when o is divided by ((-3)/5)/((-103)/2060)?
7
Suppose -1068 = -3*t - 5*a, 5*t + 25*a = 29*a + 1817. Calculate the remainder when t is divided by 355.
6
Let j(f) = -f**3 + 13*f**2 - 37*f + 123. What is the remainder when 1000 is divided by j(10)?
46
Let j = 728 - 712. Let o = 389 - j. Calculate the remainder when o is divided by 34.
33
Let b(t) = -5*t - 88. Let v be b(4). Let i = v + 142. Calculate the remainder when i is divided by 13.
8
Calculate the remainder when (204 - 1620/60) + 1*7 is divided by (17/(-3))/((-3)/9).
14
Let x be 0*(-5)/10 + 3. Suppose -x*s + 141 = 3*t, 4*t + 1 = 13. What is the remainder when (-4)/18 + 6984/81 is divided by s?
42
Suppose 5*u = -5*d - 2105, -3*u - 1279 = -38*d + 33*d. Let c = -401 - u. Calculate the remainder when (-868)/(-10) - 3/(-15) is divided by c.
21
Suppose 0 = -3*n + 32 + 1. Let l(r) = -r**2 + 11*r - 11. Let y be l(n). Let q(h) = -6*h - 49. What is the remainder when 66 is divided by q(y)?
15
Suppose 0 = -5*c - 3*a + 314, 1128*a = 4*c + 1131*a - 253. Suppose 0 = 4*i - 3*i - 180. What is the remainder when i is divided by c?
58
Let q = 343 + 1050. Let b = q + -1378. Let k(r) = -2*r - 4. What is the remainder when b is divided by k(-5)?
3
Suppose -20*t - 23955 = -25075. What is the remainder when 1230 is divided by t?
54
Let d(k) = -2*k + 14. Suppose 40*z - 10 = 38*z. Suppose -5*j + 15 = -5*n, -2*j - z*n = -3 - 3. Calculate the remainder when j is divided by d(6).
1
Suppose 68*q + 5196 = 5*c + 64*q, -3*c - q + 3121 = 0. Calculate the remainder when c is divided by 31.
17
Suppose 4*v + 6*t = 412, 4*v - 337 - 51 = -3*t. Calculate the remainder when 286 is divided by v.
13
Let z = 30 - -60. Let i(u) = 26*u**3 - u**2 + 10*u - 10. What is the remainder when z is divided by i(1)?
15
Suppose 10 = 3*t + a, 6*t - 10 = 4*t + a. Suppose -t*n = -2*i, -2*i = n + n + 12. Calculate the remainder when 110 is divided by 10*2/4 + 7 + i.
6
Let n(d) = -d**3 + 13*d**2 + 109*d - 13. What is the remainder when 80 is divided by n(-6)?
12
Suppose -2*w - 2*w + 180 = 0. Let l(x) = 27 + 0*x - 5 - 1 - 4*x. What is the remainder when w is divided by l(2)?
6
Let t = -21437 - -21458. What is the remainder when 80 is divided by t?
17
Suppose 0 = 14*d - 27*d + 182. What is the remainder when 91 is divided by (-339)/(-11) - d/(-77)?
29
Suppose 48 = -3*f + 9*f. Suppose f*m - 3*m = 280. Suppose -m = -4*p + 2*q - 5*q, 4*p - 64 = -q. Calculate the remainder when 50 is divided by p.
16
Suppose 30*t - 295 = -5*p + 33*t, 59 = p - 9*t. Let y = -90 - -44. Let q = y + p. Calculate the remainder when 48 is divided by q.
9
Suppose -319 - 845 = -100*i - 164. Let k = 57 - 41. What is the remainder when k is divided by i?
6
Let l(c) = -2*c**3 + 239*c**2 + 111*c + 1095. Calculate the remainder when 2639 is divided by l(120).
14
Let f = 495326 + -495311. What is the remainder when f is divided by (-3)/(-1*1*1)?
0
Let f(o) = -57 + 31*o - 45 + 7*o**2 + 98. What is the remainder when 717 is divided by f(-5)?
13
Let k(r) = -42*r + 3804. Calculate the remainder when k(27) is divided by 9.
6
Calculate the remainder when 1028 is divided by -21 + 5359/253 + (-405)/(-11).
29
Let d(n) = 18*n**3 - 2*n**2 - 2*n + 3. Suppose 3*m + 12 = 24. Suppose -2*f - 3*i = -8, -m = -4*f - i + 2. What is the remainder when 115 is divided by d(f)?
13
Suppose 2*y = 4*f - 302, 6*f - 5*f - 3*y - 83 = 0. What is the remainder when 360 is divided by f?
64
Let n(j) = -j**2 - 8*j + 2. Suppose -15 = 2*u + 3*u. Let h be (u - -7)*(-9)/6. Calculate the remainder when 69 is divided by n(h).
13
Let f = -1 - -7. Let x be ((-32)/(-12))/((-2)/(-9)). Calculate the remainder when 142/(4/x*f) is divided by 18.
17
Let x = 6 + -5. Suppose -3*f = -8 - x. Suppose z = -3*s + 80, f*z - 149 = -s + 83. What is the remainder when z is divided by 27?
23
Let l = -10 + 25. Let n(z) = z**2 - z + 3. Let f be n(1). Suppose -13 = -4*d + u, 0 = -2*u - f*u + 15. Calculate the remainder when l is divided by d.
3
Calculate the remainder when 263 is divided by (50/(25/5) + -5)*(4 + 1).
13
Calculate the remainder when (-12)/(-36)*-27 + 272 is divided by 50.
13
Let a(q) = 18*q - 24. Let h(m) = 56*m + 354. What is the remainder when h(-6) is divided by a(2)?
6
Let u(r) = 6668*r + 656. Calculate the remainder when u(4) is divided by 15.
13
Let x(s) = s**3 + 3*s**2 + s + 7. Let i be x(0). Suppose 2*n - 2*j = 50, 3*n - i*n = 2*j - 70. Calculate the remainder when 154 is divided by n.
14
Suppose 2*v = 2*c - 4 - 14, -3*c + 13 = 4*v. Let n be (24/(-15))/((-2)/(-5)). What is the remainder when 7/(14/60)*n/(-8) is divided by c?
1
Calculate the remainder when 4/(-54) - 569824/(-216) is divided by 132.
130
Suppose 0 = 2*r - 4*w - 518, -3*w + 848 = 5*r - 499. Let n = -260 + r. Calculate the remainder when 20 is divided by n.
6
Let v = -2821 + 2831. Calculate the remainder when 677 is divided by v.
7
Let h = 14 + -17. Suppose 0 = 2*g + 2*l - 4, -10*g - 43 = -14*g + 3*l. Calculate the remainder when 21 is divided by (h + 99/21)*g.
9
Let j = 3221 + -2010. Calculate the remainder when j is divided by 38.
33
Calculate the remainder when 1109 is divided by 148/(5/(630/132) + (-6)/(-21)).
110
Let j(s) = 3*s**3 + 20*s**2 - 3*s + 50. Let b = 664 + -447. Calculate the remainder when b is divided by j(-7).
19
Suppose -87*r = -94*r - 357. Let t = -19 - r. Calculate the remainder when 46 is divided by t.
14
Let g = 7 + -9. Let v(u) = -2*u**3 + 2*u. Suppose 4*f - 122 = -102. What is the remainder when v(g) is divided by f?
2
Let b(v) = -6*v - 6. Let g(i) = 2*i**2 + 16*i + 2. Let y be g(-8). Suppose -22 = -y*f + 18. Calculate the remainder when f is divided by b(-3).
8
Let o be (-1)/(-1 + 0) + 115. Suppose 5*d - d = 2*p + o, 5*d - 159 = -p. Suppose 17*q - 345 - 430 = 772. Calculate the remainder when q is divided by d.
29
Let u = 14848 - 8162. Calculate the remainder when u is divided by 152.
150
Let o be 22/5 - 12/(-20). Suppose o*c + 15 + 334 = k, 3*c + 207 = 3*k. Let z = c + 79. Calculate the remainder when 29 is divided by z.
2
Let r(c) = c**2 - 53*c + 258. Calculate the remainder when r(54) is divided by 138.
36
Suppose 4*r = -i + 393, 0 = 5*i - 25 - 0. What is the remainder when r is divided by 55?
42
Suppose -3*o + 189 = 5*d + 76, 3*d + 4*o = 81. What is the remainder when 239 is divided by d?
11
Suppose 20*f - 25*f - 31705 = -90*f. What is the remainder when f is divided by 5?
3
Suppose -2182 = 4*h - 130. What is the remainder when (-24)/3*h/36 is divided by 32?
18
Suppose -19*c = -148 + 53. Let b be c/10*0/((-3)/3). Suppose 4*l + 12 = b, -x + 3*x + 4*l = 330. Calculate the remainder when x is divided by 29.
26
Suppose x - 2 - 3 = 0. Suppose t - f = 8, x*f + 0 = -t - 10. Let i = t - -100. What is the remainder when i is divided by 27?
24
Let n = 3105 - 3072. What is the remainder when 14